2. Let u be k(7). Let g = u + 13. Let q(i) = i + 3. Give q(g).
6
Let h(r) = -r**3 + 3*r + 4. Suppose -13*w + 2*w - 242 = 0. Let v = 25 + w. Determine h(v).
-14
Let f be 32/8*(15/4)/(-3). Suppose 0 = -5*d - 2*r + 2, -r - 4 = -0*r. Let x be (1/d)/(f/(-30)). Let k(i) = i**3 - 5*i**2 + 4*i - 4. Give k(x).
-10
Let x(h) be the first derivative of 3*h**2/2 + 6*h - 28. Give x(-9).
-21
Let x(q) be the second derivative of q**3/3 + 13*q**2/2 - q + 8. What is x(9)?
31
Suppose 8*y + 10 = 13*y. Suppose y*h = 7 - 13. Let q(p) = -p**3 - 4*p**2 - 2*p + 3. Give q(h).
0
Let x(a) = 15*a**3 + 16*a**2 + 8*a - 9. Let c(g) = 15*g**3 + 14*g**2 + 7*g - 8. Let t(p) = 7*c(p) - 6*x(p). Give t(1).
16
Let k(x) = 0*x + 834 - 3*x - 285 - 266 - 280. Let d be 4/(-2)*1 - -5. Calculate k(d).
-6
Let p(m) = m**2 + 5*m + 1. Let r(t) = -t**2 - 5*t - 1. Let j(g) = -6*p(g) - 7*r(g). What is j(-5)?
1
Let c(r) = r**3 + 46*r + 8 - 3 - 8*r**2 - 55*r. Let x(y) = y**3 - 5*y**2 + 28*y - 4*y**2 - 38*y + 4. Let n(o) = 3*c(o) - 2*x(o). Give n(7).
7
Let k(i) = -8*i - 13. Suppose -7*d - 42 = 7*d. What is k(d)?
11
Let j be 4 + (-4 + 7 - 2). Let q(f) = 11*f**2 - f. Let t be q(-1). Suppose -j*k + 3*k = -t. Let u(s) = -s + 1. What is u(k)?
-5
Let s(w) = -w + 8. Let d be (656/4*-1)/(-2). Let z = 91 - d. Give s(z).
-1
Let v(t) = -3*t**2 - 7*t - 21. Let y(r) = -r**2 - 2*r - 7. Let a(u) = -4*v(u) + 11*y(u). Calculate a(-6).
7
Let l(r) = -3*r - 7. Let n = 16 - 19. Let k be l(n). Let u(t) = 9*t - 3*t + 7*t**2 - 29*t**3 + 30*t**3 + k. Give u(-6).
2
Let j(i) = -1 + 7*i**2 + 0*i**2 - 3*i - 17*i**2 + 5*i**2. Let k(c) = c**2. Let y(u) = j(u) + 4*k(u). Calculate y(-3).
-1
Let q = 7/116 - -2/87. Let x(i) be the second derivative of -5/6*i**3 + 0 - i - 5/2*i**2 + q*i**4. Determine x(5).
-5
Let k(a) = -a**2 - 4*a + 5. Let f = 92 - 95. Give k(f).
8
Let o(k) be the third derivative of -k**5/120 - k**4/8 - k**3/6 + 8*k**2. Let g(r) be the first derivative of o(r). Determine g(4).
-7
Let z(t) be the third derivative of -t**5/60 - t**4/2 - 10*t**3/3 + 2*t**2 + 30*t. Determine z(-11).
-9
Let w(k) = k**2 + 12*k - 11. Let c = 787 + -800. Give w(c).
2
Let x(f) = -f**3 - 5*f**2 + 2. Let n(g) = 56*g + 499. Let b be n(-9). Calculate x(b).
2
Let i(h) = -2*h + 1. Let t be i(1). Let j(c) be the first derivative of 5/2*c**2 + 4 + c. Give j(t).
-4
Let x(f) = 7*f**2 + 1. Let w = 3 + 3. Suppose 5*z = 4 + w. Suppose -4*h = 2*g - 2, 3 = h + z*g + 4. Calculate x(h).
8
Let t(m) be the second derivative of m**3/6 + 5*m**2/2 + 2*m. Let c be t(-7). Let n(q) = -2*q**3 + q**2 + 3*q + 2. Give n(c).
16
Let q(i) = i - 1 + 3*i + 1 + 2*i**2. Let m be 8/(-3)*12/(-8). Suppose m*b = -9 - 3. Give q(b).
6
Let o = -21 + 13. Let n be 0 + 7 + o - 4/2. Let z(c) = -3*c. Give z(n).
9
Let o(u) = 2*u**2 - 2*u + 1. Let v(w) = 3*w**2 - 2*w + 9. Let c(g) = 2*o(g) - v(g). Determine c(-5).
28
Let r(x) be the third derivative of 1/30*x**5 + 0*x**4 - 1/120*x**6 + 0 - 4*x**2 - 1/2*x**3 + 0*x. Determine r(3).
-12
Let t(b) be the first derivative of b**4/4 - 16*b**3/3 + 14*b**2 - 6*b + 316. What is t(14)?
-6
Let q(r) be the first derivative of -r**4/24 + 5*r**3/3 - 8*r**2 + 3. Let s(v) be the second derivative of q(v). Determine s(7).
3
Let t(i) = i**2 - 2*i + 5. Let s(r) = 9*r - 31. Let o(v) = -v. Let h(n) = -6*o(n) - s(n). Let k be h(9). Determine t(k).
13
Let p(j) be the second derivative of -j**3/6 + 3*j**2 + j + 36. Determine p(12).
-6
Let g(w) = -w**2 - 2*w + 2 - w**3 + w - 5. Let s = -13 - -17. Suppose -s*l + 4 = -2*t, -4*l + t + 6 = -2*t. What is g(l)?
-3
Let y(w) = 4*w + 1. Let v = -113 + 102. Let q be (2/v)/((-7)/77). What is y(q)?
9
Let v(p) = -16*p - 5. Suppose -1 = -2*q + 9. Let y(o) = -8*o - 2. Let r(x) = q*y(x) - 2*v(x). What is r(-1)?
8
Let h(q) be the first derivative of -q**4/4 - 2*q**3/3 + 3*q**2/2 - q - 74. Give h(2).
-11
Let u be (5 - (0 - -5)) + -1. Let f(l) = -10*l. Determine f(u).
10
Let j = 55 - 55. Let r(t) = t - 12 + 0*t**2 + t**2 + j*t**2. Calculate r(0).
-12
Let u be ((-55)/(-22))/((-2)/(-52)). Let r = 71 - u. Let i(l) be the second derivative of l**5/20 - 5*l**4/12 - l**3 + l**2/2 - l. What is i(r)?
1
Let r(z) = -6*z - 1 - 5*z + 3 - 1. Let l(g) = g + 3. Suppose -5*d - 7 = 3. Let k be l(d). Determine r(k).
-10
Let x(h) = 16*h**2 + 152 + 0*h**3 - 172 - 5*h - 9*h - h**3. Determine x(15).
-5
Let j be (-4 - (3 - 8))*(0 - 3). Let u(p) = -8*p - 8. Give u(j).
16
Let i(x) be the second derivative of x**4/12 + x**3/6 + 5*x + 20. Suppose 0*g + g = 0. Give i(g).
0
Let i(y) = -y**3 + 3*y**2 + 2*y - 10. Let u be i(3). Let x(g) = -g**3 - 4*g**2 + 3. Give x(u).
3
Let l(f) = -f**3 + f**2 - f + 5. Let i be 11/3 + (-3)/(-9). Suppose 0 = 4*q - i*s + 12, 0 = -q - q + s - 6. Let v be 0*q*(-2)/(-12). Determine l(v).
5
Let k(a) = -29*a + 10*a + 16*a - 5. Let g(r) = r + 2. Let z(c) = -5*g(c) - 2*k(c). Give z(-8).
-8
Let i(w) = w - 5. Let j = -98 - -9. Let m = j + 83. Give i(m).
-11
Let o(m) = -2*m**2 + 28*m - 55. Let c be o(12). Let b(r) = r**2 + 5*r - 18. Calculate b(c).
-4
Let i(m) be the first derivative of m**3/2 + 3*m**2 + 36*m + 36. Let s(c) be the first derivative of i(c). Determine s(-4).
-6
Let g be (-6)/(-15)*(-5 - 25)/(-2). Let w(r) = -r + 9. Calculate w(g).
3
Let u(p) = p**2 - 19*p + 76. Let z be u(6). Let h(i) be the second derivative of -i**4/6 - i**3/2 - i**2/2 - 4*i. What is h(z)?
-3
Let f(d) = -8*d**2 + d - 6. Let m(v) = -v + 3. Let a(k) = f(k) + 2*m(k). Give a(-1).
-7
Let i(u) = 2*u**2 - 15*u + 1. Let n be i(8). Let w(s) = s - 9. What is w(n)?
0
Let d(r) = -r - 22. Suppose 67*l = 74*l + 77. Calculate d(l).
-11
Let h(j) = -5*j + 0 + 1 + 12 - j. Let y = 105 - 110. Let a(n) = -n + 1. Let x(k) = y*a(k) + h(k). Determine x(4).
4
Let i(r) = -30 - r**2 - 33 + 58 - 4*r. What is i(-6)?
-17
Let y(f) = 23*f**2 - 74*f**2 + 23*f**2 - 14 + 29*f**2. Give y(0).
-14
Let j(b) = b**3 - 13*b**2 + 8*b + 6. Suppose 4*u - 7*v + 9*v - 40 = 0, 3*u + 5*v = 16. Determine j(u).
-42
Let w = 21 - 15. Suppose -2*j + w*j - 10 = -a, -5*a = -2*j - 28. Let u(v) = v**2 - 4*v - 7. Determine u(a).
5
Let o(t) = -4*t**2 + 1. Suppose 45 = -19*s + 7. Determine o(s).
-15
Suppose -45*m - 253 = 107. Let q(y) = y**2 + 7*y - 20. Determine q(m).
-12
Let z(p) be the second derivative of p**4/12 + p**3/2 - p**2 + p. Suppose 24 = -0*t - 4*t. Let s = t + 1. Give z(s).
8
Let a(m) = -m - 292 + 140 + 143 + 4*m + m. Determine a(6).
15
Let s = -6 + 7. Let u be (3/(-5))/(s/5). Let f(k) = -5*k**3 + 2*k**2 + k + 6. Let n(i) = 11*i**3 - 5*i**2 - i - 13. Let w(d) = 9*f(d) + 4*n(d). Determine w(u).
-4
Suppose 6*j + 16 = -20. Let z(u) = -u + 8. Let v(y) = -4*y + 24. Let f(q) = -3*v(q) + 10*z(q). Determine f(j).
-4
Let i be 20/8*2/600. Let n(d) be the third derivative of -2/3*d**3 + 0*d - i*d**6 + 0 - 1/24*d**4 - 1/12*d**5 - 2*d**2. Give n(-5).
1
Let i(v) = v**3 - v**2 - 3*v - 2. Let j be -1 + 23 - (-2)/(-1). Let t = 22 - j. Let r be (1/(-3))/(t/12). Give i(r).
-8
Let z = -20 + 30. Suppose -g = 2*g. Suppose g*b + 2*b = z. Let i(h) = 3*h - 1. What is i(b)?
14
Let q(s) = s**3 + 4*s**2 + 2*s + 5. Suppose 3*m - 162 + 222 = 0. Let z be -14 + -2*(0 - -1). Let u = m - z. What is q(u)?
-3
Suppose -2*n + 6 = 4*l - 2*l, 0 = -n. Let m(r) be the third derivative of r**4/6 - r**3/6 + r**2. Calculate m(l).
11
Let a be 10/((-45)/6 + 10). Let s(m) = m**3 - 5*m**2 + 7*m - 15. Calculate s(a).
-3
Let g(v) = -v**3 - 3*v**2 - 3*v - 1. Suppose -4*p - 27 = 3*b, -4*p = p + b + 20. Give g(p).
8
Let z(o) be the third derivative of 0*o + 1/3*o**3 + 0 - 1/24*o**4 - 18*o**2. Let j(k) = 2*k**3 - 2*k**2 - k - 2. Let t be j(2). Calculate z(t).
-2
Let k be (4/(-14) + 33/42)*4. Let w(b) = 22*b - 48*b - b**k + 3*b**2 - 1 + 29*b. Let i = 3 - 6. Calculate w(i).
8
Let l(n) be the third derivative of -n**5/60 - n**4/24 - 2*n**2. Suppose 5*q = 6*q - 14. Let f = -17 + q. What is l(f)?
-6
Let y(p) = p**2 - 7*p + 6. Let x(j) = -j**3 - 7*j**2 - 3*j - 17. Let g be x(-7). Let k = g - 0. What is y(k)?
-6
Let m(s) = -10*s**3 - 1. Let h(o) = 15*o**2 + 2*o + 20 - 13*o - 14*o**2. Let g be h(9). Let z be g - (18/(-3))/(-2). Determine m(z).
9
Let k(a) = -60*a + 38*a + 23*a. What is k(3)?
3
Let f(k) = -k - 12. Suppose -4*c + 3*j = -22 + 69, 4*j + 4 = -3*c. Let g be f(c). Let d(o) = o**2 + 4*o + 3. Calculate d(g).
3
Let s(t) = t**3 + t. Let j(f) = 3*f**2 - 6*f